. Let h be a(4). Suppose 3*g - 21 = -5*v, 2*v - 2*g = g. Suppose -v*b + h = 2*b. What is the units digit of b?
6
Suppose d = 5*a - 3*a - 362, -4*a - 5*d = -752. What is the hundreds digit of a?
1
Let q be 2*(-3)/(-12)*60. Let d = q - 17. What is the tens digit of d?
1
Suppose 0*n = 4*n - 16. Let g(y) = 2*y**2 - 3*y - 3. Let f be g(3). Let i = f - n. What is the units digit of i?
2
Let p = 32 + 48. Suppose -2*v - 3*m + 73 = 15, -3*m = -4*v + p. What is the tens digit of v?
2
Let d = 18 + -26. Let l = -7 - d. What is the units digit of l?
1
Let y = -1 + 5. Suppose -2*z + 66 = -y*r, -3*r - 14 + 5 = 0. What is the units digit of z?
7
Suppose -3*m = 4*t - 6 - 6, 4*m - 16 = -2*t. Suppose t = -4*z - 10 + 2. What is the units digit of 8*-3*z/3?
6
Suppose 2*w - 16 = 2*b, 0 = 5*w + 5*b - 2*b - 32. What is the units digit of w?
7
Suppose -2*l - 6*l = -472. What is the tens digit of l?
5
Let a be 215/45 - 2/(-9). What is the units digit of 5 + a/(15/(-6))?
3
Let n = 307 - 153. What is the units digit of n?
4
Suppose 0 = -8*z + 1414 + 858. What is the units digit of z?
4
Let g(x) = 7*x**3 - x**2 + 3*x - 2. What is the units digit of g(2)?
6
Let l be 1*2 - (4 + -1). What is the units digit of 7 - (l - -2) - -2?
8
Let a(x) = 5*x**3 + x**2 + x - 2. What is the units digit of a(2)?
4
Let w be 0 - 1 - -1 - -39. Suppose 3*b = -0*b + w. What is the tens digit of b?
1
Suppose -4*d + d = -6. Suppose 0 = -3*k + 12, -d*g - k + 48 = 3*k. What is the tens digit of g?
1
Suppose 5*g = x + 23, -10 = -4*g + 10. Suppose -p = -h - 4, -x = -2*p + p + 2*h. What is the units digit of p?
6
Let g(w) = w**3 + 8*w**2 + 4*w + 4. Let n be g(-8). What is the tens digit of 1/(-2)*n/1?
1
Let t(l) = l**2 - 2*l + 2. Let p be t(3). Suppose 0 = -4*u - 12, 0*n - p*n + 5*u = 10. What is the units digit of 44/10 + 2/n?
4
Suppose 0 = -4*l - 0*l + 4. Let u(g) = g - 6 - 4 - 2*g**2 + 10 + 5*g**3. What is the units digit of u(l)?
4
Suppose 0*i + 3*c = -2*i + 34, 4*c + 20 = 2*i. What is the units digit of (-2)/(-7) - (-192)/i?
4
What is the units digit of 9/(-27) + (-26)/(-6)?
4
Let y be -2 + 1 - 2/(-1). What is the units digit of y/(6/(-28))*-3?
4
Let n = -5 - -10. Suppose -n*z - 2*x = -76 - 87, 42 = 2*z - 5*x. What is the tens digit of z?
3
Let l(m) = 9*m + 10. Let u(o) = 1. Let v(g) = g - 2. Let y(h) = -3*u(h) - v(h). Let a(j) = -l(j) - 4*y(j). What is the units digit of a(-4)?
4
Let w = 153 - 88. Suppose 3*h - 61 = -h - 5*v, 0 = 5*h + 4*v - w. Suppose -h - 27 = -5*y + 3*j, -34 = -4*y + 5*j. What is the units digit of y?
6
Suppose 3*y = 21 + 24. What is the units digit of y?
5
Let i(q) = 179*q**3 + q**2 - 2*q + 2. What is the hundreds digit of i(1)?
1
Let j = -14 - -29. What is the units digit of j?
5
Suppose 2 = 3*u - 4. What is the tens digit of (1 - u) + 4 + 17?
2
What is the units digit of (-370)/(-15)*(2 - -1)?
4
Suppose q = -5*g + 7, 4*g - 3*q = 2*q + 23. Let c be (2/(-3))/(-1)*3. Suppose -g*h - h = d - 9, -c*d - 2*h + 18 = 0. What is the units digit of d?
9
Suppose 0 = 7*a - 2*a - 285. What is the units digit of a?
7
Let a = -26 + 38. What is the units digit of a?
2
Let h(z) = z**3 - 5*z**2 - 5*z. Let n be h(6). Let t be (-4)/n + (-22)/(-6). Suppose -t*q = 4*l - 68, -2*q = 3*l - q - 51. What is the units digit of l?
7
Let v(f) = 2*f**2 + 1 + 3 - 3 + 3*f - 2*f. What is the units digit of v(-1)?
2
Let i be ((-4)/2)/(8/(-52)). Suppose i*h = 8*h + 155. What is the units digit of h?
1
Let l = 6 + -5. Let c be 3 - (0 + 0 + l). Let m(a) = a**2 - a + 1. What is the units digit of m(c)?
3
What is the tens digit of 2/(-5) - 4334/(-110)?
3
Let q = -11 - -18. What is the units digit of q?
7
Suppose -3*a = -3*t + 198, 0*a + 267 = 4*t - a. What is the units digit of t?
7
Let h(d) = d + 11. Let n(u) = -u - 10. Let f(r) = 3*h(r) + 4*n(r). Let b be f(-6). What is the units digit of (2/(2/b))/(-1)?
1
Let g = 12 + -10. Suppose 2*n - g*k = 3*k + 12, -4*n + 4*k = -48. What is the units digit of n?
6
What is the units digit of (-12)/16 + 30/8?
3
Let t = -3 - -3. Suppose 4 = -t*b + 4*b. What is the units digit of ((-48)/(-40))/(b/5)?
6
Suppose 2*g - 5*g = 9. Let n be (g - 21/(-6))*30. Suppose -3 = z - n. What is the tens digit of z?
1
Let h(n) = -n**3 - 13*n**2 + 20*n + 1. What is the tens digit of h(-15)?
5
Let h = -57 + 91. What is the units digit of h?
4
What is the hundreds digit of (2 + -1)/(4/492 - 0)?
1
Let q be 3972/108 - (-4)/18. Suppose -56 = -2*b + 2*t, -2*t + 9 - q = -b. What is the units digit of b?
8
Suppose -2*p + 4*v + 19 = -v, 2*v = 3*p - 12. Let t(s) = -3*s + 2*s + s**2 - p - 4*s. What is the units digit of t(6)?
4
Let b = 3 + 11. What is the tens digit of b?
1
Let c be (-52)/(-14) + (-10)/(-35). Suppose -c*v - 70 = 3*z, 5*v = 5*z - 61 - 9. What is the units digit of ((-3)/(-2))/((-3)/v)?
8
Let f be (1 - -2)*6/(-9). What is the units digit of (1/f)/(3/(-150))?
5
Let h be 1*(-3)/(-3) - -12. Suppose h - 1 = 4*s. Suppose -s*n = n - 28. What is the units digit of n?
7
Let h(q) = q**2 + 3*q - 5. Let n be h(-6). Let x(v) = v - 4. Let s be x(2). Let c = n + s. What is the tens digit of c?
1
Suppose 0 = 4*r - 73 - 35. Suppose 0 = j - 2, -r = -0*x - 3*x - 3*j. Suppose 20 = -5*g, -i = -0*g + g - x. What is the tens digit of i?
1
Suppose 0 = 4*n - n - 21. Suppose -3*v + 11 = i, 4*i + v - n = 2*i. What is the units digit of i?
2
Let v = 7 - 3. Suppose -2*c - 38 = -v*c. What is the units digit of (-1)/((-2)/(c - 1))?
9
Suppose 5*d - 25 = 4*z - 9*z, -2*d = 6. What is the units digit of z?
8
Let q = 55 + -6. What is the units digit of q?
9
Let n be ((-11)/22)/(2/(-16)). Suppose -98 = -2*f - 5*h, -n + 0 = -h. What is the units digit of f?
9
Suppose -2*o - 3*o = 2*m + 11, -9 = -3*o. Let k(n) = -n**3 + 10*n**2 - 9*n - 1. Let r be k(9). Let i = r - m. What is the units digit of i?
2
Suppose 2*t = -t + 102. Let d = t - 17. What is the tens digit of d?
1
Let v(q) be the third derivative of -q**4/8 - 3*q**3/2 - 2*q**2. Let f = 0 + -6. What is the units digit of v(f)?
9
Suppose 404 = 2*a - 5*j, -a - 3*j + 50 = -141. What is the units digit of a?
7
Suppose 8*t = 3*t + 120. What is the tens digit of t?
2
Suppose -5*w + 583 + 232 = 0. What is the tens digit of w?
6
Suppose -20*t = -13*t - 1281. What is the tens digit of t?
8
What is the tens digit of 0 + -3 + 4 + 81?
8
What is the units digit of 1*2/4 - (-298)/4?
5
Let l(x) = 2*x**2 + 2*x - 1. Let j be 21/14*(-2)/(-3). Suppose -j + 0 = -a. What is the units digit of l(a)?
3
Suppose -4*t + 4*f = -12, -7 - 1 = 4*f. Let v(a) = 13*a + 1. What is the tens digit of v(t)?
1
Let n(p) be the second derivative of p**4/6 + 7*p**3/6 + 4*p. What is the tens digit of n(-5)?
1
Suppose -13 = -3*t + 5. Let v be (-2)/t - (-21)/9. Suppose 5*o = 3*g - 5, v*g - 2*o - 7 + 1 = 0. What is the units digit of g?
5
Let n be -3*14/(-6) + -2. Let u(p) = -p - 2*p**2 + n*p**2 + 9 - 2*p**2. What is the units digit of u(0)?
9
Let r(y) = -y**2 - 6*y + 2. Let u be r(-6). Let a be 6/((-3)/1) + u. Suppose 3*w - 2 = -a*w + 5*l, -6 = w - 5*l. What is the units digit of w?
4
Suppose -15 = -7*k + 4*k. Suppose 2*o - 2*x - 32 = 0, -k*o - 5*x + 0*x + 80 = 0. What is the tens digit of o?
1
Let w be (-2)/4*(1 + 1). Let m = w - -6. Suppose -z + 2 = -m. What is the units digit of z?
7
Suppose 25 = z + 4*z + 5*n, -4*n - 16 = -5*z. Suppose -3*l = -5 - z. What is the units digit of l?
3
Suppose -3*m = 1 + 17. Let d be -2*69/m + 1. Suppose -6 = -5*g + d. What is the units digit of g?
6
What is the tens digit of 1 - 4 - 7/((-42)/390)?
6
Suppose c + 630 = 11*c. What is the units digit of c?
3
Suppose -2*n = -0*n - 90. What is the units digit of n?
5
Let y be (-3 - (3 + -1))*-1. Suppose y*c + 0*s - 3*s = 90, 2*c + s - 25 = 0. What is the tens digit of c?
1
What is the hundreds digit of ((-17352)/(-270) + 4/10)*3?
1
Suppose -222 = -3*a + 6. Suppose -12 = -4*m + a. Suppose 5*i + y = 42, -m = -3*i + y - 0*y. What is the units digit of i?
8
Suppose 4*q - 2*q = 112. What is the tens digit of q?
5
Suppose -92 = f + 52. What is the units digit of (f/(-3))/2 - 3?
1
Suppose 2*u - 108 = 42. Suppose 5*p = 2*p + u. What is the units digit of p?
5
Let n(w) = -w + 2. Let f be n(-6). Let d = 12 + f. Suppose -3*q - d = -5*p, -4*p + 2*q = -p - 11. What is the units digit of p?
7
Let p(l) = -9*l**2 - 25*l + 31. Let z(d) = -2*d**2 - 5*d 